hat are the prime factors of 4/(-14) - 200/t?
2, 7
What are the prime factors of ((-108)/(-21))/(4/42)?
2, 3
Let l be (-2 - (1 - 2)) + 2. Let p = l + 1. Suppose 2*c - k = 3*c - p, -3*c = 5*k. What are the prime factors of c?
5
Let l = -9 + -1. What are the prime factors of 58/10 + (-2)/l?
2, 3
Let c(v) = 3*v - 5. Suppose 0 = -i - 2*f + 8 + 5, -3*i - f + 14 = 0. Let q be -2 + 6 + -2 + i. List the prime factors of c(q).
2, 5
Let v(g) = g**3 + 5*g**2 - 3*g - 2. Let t be v(-5). Let c = -1 + t. Let o = c - 3. What are the prime factors of o?
3
Let f(s) = -s**3 + s**2 + 2. Let h(g) = -g**3 + 7*g**2 + g - 7. Let n be h(7). Let p be f(n). What are the prime factors of (-150)/(-14) + p/7?
11
Suppose 2*o + 984 = -7*d + 10*d, 4*o = 0. What are the prime factors of d?
2, 41
Suppose y - 4*w = 71, -2*y - 4*w = -0*y - 82. Suppose 5*l - 24 = y. What are the prime factors of l?
3, 5
Let y = 70 - 45. List the prime factors of y.
5
Let r = 203 - 133. List the prime factors of r.
2, 5, 7
Let x(d) = d**2 + 3*d - 2. Let w be x(-4). Suppose w*f - 2*m - 72 + 2 = 0, -5*m - 19 = -f. What are the prime factors of f?
3, 13
Let h(r) = -r + 25. What are the prime factors of h(19)?
2, 3
Suppose -7*l + 2*l - 2*i + 4 = 0, 0 = 4*l - i - 11. List the prime factors of l.
2
Suppose -3 = -2*t - 11, -2*l + 132 = 2*t. List the prime factors of l.
2, 5, 7
Let y = -1 + 1. Let x = 0 - y. Suppose -d = -x*d + k, 3*d - 4*k = 35. What are the prime factors of d?
5
Let j = 6 - 3. Let d = 13 - j. What are the prime factors of d?
2, 5
Let u = 251 - 0. List the prime factors of u.
251
Suppose -6*s + 1048 - 4 = 0. Suppose -6*l = -3*l - s. What are the prime factors of l?
2, 29
Let s be (7/(-14))/(1/(-22)). Suppose g = -l - 2, -11 = -3*l + 4*g + s. List the prime factors of l.
2
Let x(i) be the third derivative of -i**4/6 - 7*i**3/6 - 5*i**2. What are the prime factors of x(-5)?
13
Let s(y) = y**3 - 2*y**2 + y - 2. Suppose -3*k + 11 = -5*c - 15, -4*c = 3*k + 10. Let n be s(k). Suppose 0 = 2*v - n*v - 8. List the prime factors of v.
2
Suppose 2134 = 10*c + 74. What are the prime factors of c?
2, 103
List the prime factors of (-17)/(-102) + (-257)/(-6) + -1.
2, 3, 7
Let k(b) = 3*b + 4. Let g be k(4). Suppose p - g = 11. Suppose 2*c - p = -c. What are the prime factors of c?
3
Let x = 12 - 6. What are the prime factors of x?
2, 3
Let k(j) = 5*j + 1. Let n be k(1). Suppose -n*o = -2*o. Suppose 5*f + w - 57 = o, -f = -4*f - 3*w + 27. List the prime factors of f.
2, 3
Let s = -20 - -11. Let z = s - -14. Suppose 0 = 5*b - z - 5. What are the prime factors of b?
2
Let p(d) = -3*d - 6. Let a be p(-4). Let w = a - 1. Suppose -2*c + 14 = h, -4*c + 7*c + 44 = w*h. What are the prime factors of h?
2, 5
Suppose -z = -49 + 11. What are the prime factors of z?
2, 19
Suppose 0*j = 2*j - 70. What are the prime factors of j?
5, 7
Suppose 4 - 7 = l. Let u(n) = n**2 - 2*n - 3. What are the prime factors of u(l)?
2, 3
Let y(u) = -u**2 + 18*u - 10. What are the prime factors of y(14)?
2, 23
Suppose 4*d - 14 = -2*p, -5 - 8 = -3*d + p. Suppose -d*u = -8*u + 60. What are the prime factors of u?
3, 5
Suppose 0*r - 114 = -2*r. Suppose 4*w - w = r. List the prime factors of w.
19
Let j(i) = -2*i - 1. Let n be j(-7). Suppose 4*r = 2*a + n + 13, -5*r - a = -50. Suppose 0*m - m = -r. List the prime factors of m.
3
Let s(f) = f**3 + 14*f**2 + 3*f + 2. What are the prime factors of s(-13)?
2, 3, 11
Suppose 5*a + 4*o + 34 = 0, 4*o = 6*a - a + 66. Let t be (-6)/a - (-424)/10. Suppose 11 = -4*c + t. What are the prime factors of c?
2
Let t(s) = 9*s - 5 + s + s**2 - 3*s. Let b be t(-8). Suppose 5*n = -5*l + 85, -2*l - 22 = -b*l - 2*n. What are the prime factors of l?
2, 3
Suppose -k = 4*m - 840 - 159, 0 = -4*m + 5*k + 1029. What are the prime factors of m?
251
Suppose f = 4*f - 21. Suppose 3*a + 2*h = -28, f*a - 3*h = 3*a - 43. Let w = 0 - a. What are the prime factors of w?
2, 5
Suppose -5*m + r + 14 = 0, m - 4*r - 6 = -7*r. Let g = m + -15. Let d = g + 21. List the prime factors of d.
3
Suppose 2*p = 4*p - 80. Suppose h - p = -3*h. What are the prime factors of h?
2, 5
Let h be 32/10 + (-3)/15. Suppose w - 2*f + 6*f + h = 0, w - 3*f - 4 = 0. What are the prime factors of 1 + (-3)/(-3*w)?
2
Let b = 21 + -13. Suppose b*q = 6*q + 30. List the prime factors of q.
3, 5
Let s = -9 + 5. What are the prime factors of 15*1 - s/(-4)?
2, 7
Let k be 9*(1*-4 - -2). Let d be 2*(-3)/(-12)*-24. List the prime factors of (d/k)/((-2)/(-33)).
11
Let x(s) be the second derivative of s**4/4 - s**3/3 + s**2/2 + s. Let i be x(2). Let p = -6 + i. What are the prime factors of p?
3
Let l be (-1)/2 + (-45)/(-10). Let q = l - -3. List the prime factors of q.
7
Suppose 0 = 4*m + 6 + 2. Let w = -4 - m. List the prime factors of -7*(-2 + 1) + w.
5
Suppose 5*d - 3*b - 864 = 0, -2*b - 6 = -0*b. List the prime factors of d.
3, 19
Let z = -17 + 24. Let m = 6 + z. What are the prime factors of m?
13
Suppose -7*s - 24 = -3*s. Let p be ((-2)/(-3))/(s/(-18)). Suppose -58 = -5*k - 2*g, -4*k = -p*k - 2*g - 26. What are the prime factors of k?
2, 3
Let x(m) = 5*m - 8. What are the prime factors of x(9)?
37
Let s be (-1)/(-2) + 19/2. Let r(q) = q + 1. What are the prime factors of r(s)?
11
Let n(l) = l**2 + 6*l + 1. Let z be n(-7). What are the prime factors of 108/z - (-3)/(-6)?
13
Let s(o) = -16*o - 7. Let a be s(-2). Let m = -7 + a. What are the prime factors of m?
2, 3
Let c(t) = 2 - 3*t + 6*t + 3 + 0*t. What are the prime factors of c(5)?
2, 5
Let x = -211 - -352. What are the prime factors of x?
3, 47
Suppose 0 = -5*l - 44 - 141. Let u = l - -60. List the prime factors of u.
23
Suppose 5*s - 4*s - 21 = -4*v, 3*v - s - 14 = 0. Let g = v + 2. Suppose 15 = g*j - 2*j. What are the prime factors of j?
3
Suppose 0 = -4*u - 0*u + 12. Suppose 5*a = n - u*n - 48, 0 = 5*a + n + 49. Let s = a - -16. What are the prime factors of s?
2, 3
Suppose -v = 2*n - 9, 2*v + n + 5 = 17. Suppose 4*w = 4*t + 7*w - 72, v*w - 22 = -2*t. List the prime factors of t.
3, 7
Let i(j) = 25*j + 12. What are the prime factors of i(3)?
3, 29
Suppose -189 = -3*p + 348. What are the prime factors of p?
179
Let w = 3 - 6. Let c = w + 1. List the prime factors of (-3)/c*4/3.
2
Let k = 7 - 14. Let g(f) = f**2 + 9*f + 8. Let b be g(k). Let c = 11 + b. What are the prime factors of c?
5
Let s(j) = -j**3 + 6*j**2 - 3*j + 1. Let c be 14/4 + (-2)/4. Let d be s(c). Suppose 5*g + h - d = 6, 4*g + 4*h - 20 = 0. What are the prime factors of g?
5
Suppose 343 = 4*r + 3*v - 174, 4*r + 5*v - 507 = 0. What are the prime factors of r?
7, 19
Let h be 20/(-6)*(-12)/10. Let m(p) = p + 10. Let u be m(-8). Suppose u*l - 46 = h*s, 0 = -8*l + 5*l + 5*s + 66. List the prime factors of l.
17
Suppose -4*n = -0*n - 76. Let x be ((-2)/((-2)/n))/(-1). Let h = 28 + x. What are the prime factors of h?
3
Let y be 45/6 + 1/2. Suppose g = 28 + y. What are the prime factors of g?
2, 3
Let j(n) = 5*n**2 - n - 2. Let a be j(-1). What are the prime factors of 2/(a/(-76)*-1)?
2, 19
Let g(c) = -7*c**3 + 3*c**2 + 6*c - 8. Let n(d) = -3*d**3 + d**2 + 3*d - 4. Let r(k) = -4*g(k) + 9*n(k). List the prime factors of r(3).
5
Let m = -1 + 0. List the prime factors of (1*-2)/m + 6.
2
Let r be 4/24 + (-23)/(-6). Suppose -4*y + u = 8, 4*u - 1 = r*y + 7. List the prime factors of ((-6)/10)/(y/10).
3
Let d(m) = 2*m**2 - 4*m. Let f be d(3). Let q = 13 - f. What are the prime factors of q?
7
Let u be 10/4*(-84)/(-15). Suppose 3*x + u - 86 = 0. What are the prime factors of x?
2, 3
Let p(f) = f**3 - 2*f - 1. Let d be p(-1). Let s(j) = j**3 - j**2 + j + 15. What are the prime factors of s(d)?
3, 5
Suppose 0 = -2*n + 4*s + 28, -26 = -2*n - 3*s + 5*s. Suppose -4*q = 3*p + p, 0 = -3*q + p + n. Let v(t) = 3*t + 1. List the prime factors of v(q).
2, 5
Suppose 2*p + 10 = 5*t, -p + 3 = -4*t + 14. Suppose -20 = -t*m + 2*q, -5*m + 18 = -5*q + 3. List the prime factors of m.
7
Let x be (1 + 3)*2*2. Suppose -5*l = -x + 6. Suppose l*g - 16 = g. List the prime factors of g.
2
Suppose 7*d = 4*m + 4*d - 593, m = 3*d + 137. What are the prime factors of m?
2, 19
Let a = -76 + 176. List the prime factors of a.
2, 5
Let q = 34 + -49. Let p be (18/q)/((-1)/(-5)). Let b = p + 13. List the prime factors of b.
7
Suppose 4*q = 2*q + 100. List the prime factors of q.
2, 5
Let 